 -3 + (-1 - 1) + 2 + 4?
1
-1 - -2 - (-5 - (-5 - 2))
-1
7 + 3 + -17 + 9
2
What is -3 + 1 + (6 + -4 - 1)?
-1
Evaluate (-28 - -20) + 1 + 6.
-1
What is 7 - -6 - 12 - (-2 + 3)?
0
-18 - (-10 - 4) - (1 + -7)
2
What is 6 - (4 + (-2 - -2))?
2
-2 - 2 - -6 - (0 + -3)
5
Calculate 4 + -1 - 2 - (1 + -2).
2
Calculate -1 - (-3 - -5 - 0).
-3
What is the value of -7 + 6 - 1 - 0?
-2
What is the value of 5 + -2 + -3 - 6?
-6
What is the value of 2 + 0 + 1 - 6?
-3
-11 + -3 + 23 + -14
-5
What is -4 - (0 + -1 + -7 + 8)?
-4
What is (5 + -16 - 5) + 10?
-6
Calculate (5 - (1 + 2)) + -2 + 4.
4
Evaluate 4 + -8 + 3 + 2.
1
What is -1 + -3 - ((-3 - 4) + 4)?
-1
Evaluate -1 + -1 - (13 + -2 + -8).
-5
What is the value of 4 - (6 - ((5 - -1) + -1))?
3
What is -4 + (-4 - (0 - 10))?
2
Calculate 9 - 5 - (-5 + -1 + 18).
-8
2 - ((-3 - -2) + (-16 - -16))
3
Calculate 0 - -7 - 2 - (6 - -1).
-2
-617 + 623 + (0 - (0 - 1))
7
What is (6 - 2) + (4 + -1 - 8)?
-1
-3 - (-9 + 1) - (-26 + 24)
7
Evaluate (3 + 0 - 3) + 1.
1
What is the value of -3 - (1 - (1 + 1))?
-2
What is -1 + -1 + (38 - 26) + -3?
7
What is (0 - -15) + -78 + 69?
6
What is the value of 4 - (0 + 4) - -4?
4
Calculate -3 - (0 + -1 - 5).
3
Calculate -2 - (6 + 5) - (-1 - 6).
-6
What is the value of -1 + 2 + (-3 - -4 - 1)?
1
Calculate -2 + -1 + 4 + -7 + 4.
-2
Calculate (-4 - 2) + 1 + 9 + -9.
-5
Calculate -2 - (9 - 3 - 7).
-1
What is the value of -1 + -2 + 5 - (-4 + 11)?
-5
What is 8 + -10 + 2 + 2 - -2?
4
(-2 - (7 + -7)) + (2 - 1)
-1
Evaluate (3 - (-4 + 2 + 2)) + 3.
6
What is -18 + 14 - (-4 - -1)?
-1
3 + (-6 + 4 - (0 + 0))
1
Evaluate 1 + (5 + -8 - 2).
-4
What is the value of (44 - 35) + -4 + 2 + -2?
5
Calculate (5 + -9 - -2) + 2.
0
What is 18 + -19 - (-1 + -1 + -2)?
3
What is (-3 - 0) + -19 + 15 + 3?
-4
5 + (-1 - -1) + 1 + -2
4
Calculate (-2 - (6 + -9)) + -3.
-2
What is (-8 - ((5 - 9) + 0)) + 10?
6
What is the value of 1 - (8 + -1 - (19 - 13))?
0
Evaluate 0 - (2 + (-1 - 2)).
1
Calculate (-1 - (22 + -13)) + 16.
6
What is the value of 0 - -1 - ((-1 - -4) + 2)?
-4
-5 - 0 - (-173 + 173)
-5
Calculate 4 + -5 + (-3 - (0 - 3)).
-1
Evaluate -1 + 4 + 37 + -36 + 6.
10
Calculate 1 - (9 + -5 + -11).
8
Calculate -5 + 1 + 4 + 0 - -2.
2
What is the value of -23 + (9 - -1) + 10?
-3
Calculate 8 - (8 - (5 + -9)).
-4
What is the value of -13 - (-8 - -9 - 9)?
-5
-2 + 0 + 1 - (-94 + 98)
-5
What is 4 - (1 + 4 + -2) - -4?
5
-4 - (-7 + 2 - 0)
1
Calculate 0 + 2 - (-5 + 0).
7
What is the value of 10 + (-6 - -6 - 6)?
4
Evaluate -2 + -1 + 4 - (-3 + 3).
1
Evaluate 1 + (-2 - 4 - (-5 + 3)).
-3
(2 - (1 - -2)) + -2
-3
Calculate -6 + 9 + 0 + -5.
-2
What is the value of 2 + (0 - (-12 + 5))?
9
What is the value of 0 - (-1 + -5 + 2)?
4
Evaluate -5 + -1 + 1 + -1 + 3.
-3
What is (4 - 6) + (0 - -4) + 3?
5
Calculate -5 + -1 + 5 + -8 + 0.
-9
Evaluate (-9 - (-7 + -6)) + -7.
-3
Calculate -4 + 5 + -11 + 5 + 12.
7
What is the value of (7 - (6 + -5) - 14) + 12?
4
2 + -1 + 1 + -2 + -1
-1
Calculate 4 - (12 - 4 - (3 + 1)).
0
Evaluate -3 + (-23 + 22 - (0 - 3)).
-1
-4 + 11 - (-1 + 8)
0
7 - -5 - (6 + 0)
6
-4 - -3 - 5 - -2
-4
Calculate -112 + 105 + -1 + 3.
-5
Calculate -5 - (-7 - (-13 + 7 + 5)).
1
What is -12 - (-2 + 9) - -13?
-6
What is the value of -3 + 13 - 22 - -7?
-5
Calculate -1 + -10 + 5 + 2 + 9.
5
Calculate 2 + 0 + -1 + -14 + 8.
-5
Calculate -6 + (-1 + -2 - -7).
-2
Calculate (2 - -6) + -9 + 3.
2
Calculate -4 - ((-3 - 8) + 2).
5
What is -7 - ((32 - 30) + -18 + -1)?
10
13 + -4 - (-3 - (-1 - 4))
7
Evaluate 44 + -44 + (-1 + -1 - 1).
-3
What is 2 - (-2 + 0) - (3 - 1)?
2
What is the value of 0 - (4 + 5 - 5)?
-4
What is the value of (0 - -1) + (8 - (-8 + 10))?
7
Calculate 8 - (-4 - -7 - -7).
-2
What is 2 + -13 + 7 - (-1 - -2)?
-5
Evaluate (0 - (-2 + -2)) + -2.
2
Calculate -5 + (-9 + -5 - -11).
-8
Evaluate -7 + -8 + (-3 - -13).
-5
-1 - (-2 - 1) - (7 + -2)
-3
(6 - (-1 + 10)) + -1
-4
(1 - (1 + (2 - 3))) + -2
-1
2 + -7 + 6 + -1
0
What is (-7 - -1 - -5) + (1 - -3)?
3
9 + 0 + -1 - (410 - 403)
1
What is the value of 4 + 3 + (0 - 4) + 1?
4
Evaluate -3 - (-4 + 3 + 1 + -2).
-1
Calculate (-10 - -6) + 7 + -12 + 6.
-3
Evaluate (-9 + 3 - -2) + -14 + 16.
-2
What is the value of (3 - ((4 - 9) + 7)) + 0?
1
What is 7 + -3 - (4 + (9 - 4))?
-5
What is -12 + 0 + (-96 - -106)?
-2
(-2 - 2 - 0) + 3 + -3
-4
What is 0 - (2 - 3 - (3 - 3))?
1
3 - -7 - (-22 - -36)
-4
What is the value of 0 - ((1 - 3 - 0) + 4)?
-2
What is the value of -7 - (-8 + 3 - -5)?
-7
What is 2 - -4 - 3 - 3 - 7?
-7
Calculate (-6 - (-1 - 1)) + 0 + 4.
0
Evaluate 17 - (6 + 5 + 3).
3
Calculate (-12 - 0) + -2 + (351 - 343).
-6
-7 + 5 - (-1 - -3)
-4
What is the value of -7 - -1 - (7 + -14 - -3)?
-2
What is -2 + 0 + -1 + 0?
-3
What is -11 - ((-6 - 5) + 3)?
-3
Calculate -6 - ((-2 - -2) + -6).
0
Calculate -9 + 1 + -70 + 75.
-3
What is the value of (-4 - (-4 - -2)) + (-4 - -1)?
-5
What is the value of (-11 + 14 - 0) + -9?
-6
-101 + 88 + 0 + 5
-8
What is -6 - (-4 + 5 + -6)?
-1
Evaluate -3 + 5 - -2 - (2 + -3).
5
10 + (8 - (0 - -10))
8
What is the value of 3 + -7 + 2 + 0?
-2
What is 7 + -4 - (4 + -3)?
2
13 + -4 + -4 - 9
-4
Calculate 2 + 1 + (-5 - -8) - 12.
-6
Calculate 223 + -229 + -1 + (8 - 1).
0
Calculate 14 + -11 - (-8 + 4).
7
Evaluate (-5 - 0) + (13 - (7 - -3)).
-2
What is the value of 3 + -3 + 0 + -8 + 2?
-6
Evaluate -10 - (-8 + 0) - 3.
-5
1 - (4 + 0 + -6)
3
-71 + 68 - (-2 - (-6 - 0))
-7
Calculate 11 - 15 - (0 - 0).
-4
What is (-9 - (1 - 11)) + -2?
-1
Evaluate -7 - (-10 + (8 - 1)).
-4
0 + (-33 + 39 - (4 + 0))
2
What is the value of -1 + (3 + -6 + 2 - -3)?
1
Evaluate -3 + (4 - (2 + 3)).
-4
2 - (22 - 12) - -16
8
What is the value of -9 + (7 - -5) - 7?
-4
Evaluate (1 - 2) + (-4 - (6 + -3)).
-8
Evaluate -15 + (14 - 2) + 1.
-2
Evaluate 1 - -1 - (-4 + 7 + 2).
-3
What is the value of (12 - 4) + (0 - 2) + -3?
3
Calculate (0 - 4 - 2) + -105 + 104.
-7
What is -4 + 3 + (-2 - -1) + 2?
0
-1 - ((1 + 3 - 1) + -2)
-2
Evaluate 1 - (-6 - 0 - -8).
-1
11 - (10 + -6 + 2 + -1)
6
Evaluate 3 - (4 - 5) - 1.
3
What is the value of 0 - (5 + (0 - 1)) - -5?
1
Calculate -7 + 9 + -9 + (5 - 0).
-2
What is the value of -8 + 12 - 1 - 5 - 0?
-2
(4 + 1 - 0 - 10) + -2
-7
18 - (7 + 2) - 5
4
What is the value of -5 + -4 + 8 - (8 + -14)?
5
Calculate 5 - 3 - (0 - 2).
4
What is the value of (11 - -10) + -12 - 4?
5
Evaluate 3 + 2 + -4 + 2 + -3.
0
5 + -13 + (2 - -2)
-4
What is (-5 - -5) + 6 + -2?
4
Evaluate -4 - (-7 + 3) - (1 + -5).
4
What is the value of 1 + (0 - (2 + 0 + -1))?
0
(-10 - -13) + (3 - 1)
5
Evaluate (25 - 27) + -2 + 0 + -1.
-5
What is the value of 6 - (7 + -13 + 8)?
4
What is (3 - -1 - (8 + -9)) + -1?
4
Evaluate (1 - 1) + -6 - (-23 - -25).
-8
Calculate (-4 - -9) + -1 - 1.
3
What is the value of -2 + (1 - -6) + -5?
0
What is -1 + -5 - (-22 + 4 - -20)?
-8
Evaluate (1 - 0) + (-1 - (3 - 1)).
-2
What is the value of 6 + (-3 - (-4 + 4)) + -3?
0
Evaluate 4 + 8 + 8 + -25.
-5
Calculate -6 + 4 + 3 - (-2 - 4).
7
Calculate 4 - 5 - (8 + 11 + -13).
-7
-15 + (4 - (2 + -1)) + 6
-6
What is -11 - (2 - (5 + 1))?
-7
Evaluate (10 + -9 - 8) + 13.
6
What is the value of (0 + 0 - -4 - 2) + -5?
-3
What is -2 + -2 - (0 + 10 + -16)?
2
20 + -21 - (1 + 0 + -1)
-1
0 - (9 + (-1 - 3 - 0))
-5
Evaluate -15 + 13 - (-2 + 2).
-2
Calculate 1 + -5 + 5 - 1.
0
Evaluate -1 + (2 - (-3 + 5)) + -2.
-3
Calculate -4 + (4 - 9) + 10.
1
(4 - -1) + 1 + -5
1
What is the value of -4 - ((-8 - -7) + -4)?
1
Calculate -1 + -7 + 11 + -2 + -1.
0
What is the value of -3 + (7 + 0 - 5) - -7?
6
(1 - (4 + -4)) + 4
5
Evaluate (-3 - 2) + (103 - 88).
10
What is the value of -2 + 10 + 15 + -17 + -6?
0
Calculate (-15 - -7) + 2 + 3.
-3
What is -2 - -3 - (1 + 5 + -10)?
5
What is -10 + 8 + 11 - (5 - 1)?
5
Calculate (4 + 1 - 5) + 0 + 0.
0
Evaluate -2 + -2 + -1 - -3 - -4.
2
-2 + -7 + 7 + 4
2
What is the value of (-1 - 1) + 7 - (0 - 0)?
5
-9 + 6 - (-4 + 3 + -2)
0
Calculate 4 + -2 + 0 - 2.
0
Calculate -1 + -3 + 10 + (-3 - 2).
1
Evaluate -10 - ((16 - 24) + (0 - -6)).
-8
What is the value of 7 + (2 - (0 + 3))?
6
Evaluate 10 + (-10 - (-12 - -10)).
2
What is the value of 2 - -2 - (-12 - -14)?
2
What is (5 - 14) + 14 + -13?
-8
What is 0 - (5 - 8 - -5)?
-2
Evaluate (-2 - (0 + 0)) + (-3 - -7).
2
Calculate -2 + -6 - -7 - 4.
-5
What is the value of -13 - (-6 + -4) - -1?
-2
Calculate -1 + 7 + (-2 - 8 - 0).
-4
What is 0 - 7 - (-4 - 0)?
-3
What is 0 - -3 - (-1 + (-3 